Suppose -4*b + 230*s - 231*s = -32, 0 = 3*b - 5*s - 47. Give g(b).
-10
Let g(p) = -14*p - 12. Let k be g(-4). Let o = k + -44. Suppose z + 5 = -o. Let r(q) = q + 3. Determine r(z).
-2
Let x be (((-280)/16)/7)/(10/(-8)). Suppose x*d + 4*j - 26 = -0*d, -3*j - 19 = -4*d. Let a(t) = 2*t + 2. What is a(d)?
16
Let c = -11387 + 11384. Let f(i) = 11*i + 3. Give f(c).
-30
Suppose -43*p - 3*w = -45*p - 20, -12 = 4*p + w. Let h(c) = c**3 + 2*c**2 - 11*c - 8. Calculate h(p).
4
Let b(u) = 27*u**2 + 160*u + 43. Let f(y) = 8*y**2 + 51*y + 15. Let a(d) = 2*b(d) - 7*f(d). What is a(-18)?
-1
Let m(a) = -8*a - 3. Let o(b) = 7*b + 3. Let l(w) = 5*m(w) + 6*o(w). Let f be (-10 + 0)/((-3)/3 + 3). Let v be f - -2 - 7*(-2)/(-7). Calculate l(v).
-7
Let b(k) = -10*k**2 + k - 1. Let x(s) be the first derivative of -8*s**3 + 3*s**2/2 - 2*s - 71. Let z(f) = 5*b(f) - 2*x(f). Calculate z(-2).
-7
Let p(u) = u**2 + 4*u + 2. Let h be (2 - -1)/(3 + 9/(-6)). Let x be (-4 - (-14)/h)*(-4)/3. Determine p(x).
2
Suppose 15 = 3*r - 0. Suppose r*b - k - 4*k = 105, 3*k = -4*b + 56. Let g(u) = -b*u**2 + 9 + 16*u**2 - 2*u - 4*u. Calculate g(-7).
2
Let u be 1/(-3)*12*-1. Let x(l) = 3593 - 3592 - 2*l - 5*l - 2*l**2 + l + 3*l**2. Give x(u).
-7
Let r(s) be the second derivative of 13/6*s**3 + 14*s + 0 - 5/2*s**2 - 1/12*s**4. Let o be r(13). Let d(x) = -x**3 - 6*x**2 - 5*x. What is d(o)?
0
Let v(z) = -10*z + 7*z**2 + 18*z**2 + 9*z + 22*z**2 - 49*z**2 - 1. Determine v(3).
-22
Let x(y) = 5*y + 14. Let u(j) = -j**3 + 19*j**2 + 56*j - 294. Let k be u(21). Calculate x(k).
14
Let s(b) = -18*b - 16*b + 52*b - 19*b + 1. What is s(2)?
-1
Suppose 4*z = -8, 24*r - 19*r + 12 = 4*z. Let i be 8 + (0 - (-3)/(-3)). Let a(j) = 2 + 2*j**2 - i*j - j - 3*j**2. Determine a(r).
18
Let m(n) = 6*n**2 - 34*n - 13. Let g = -5765 - -5771. Determine m(g).
-1
Let b be (34/(-3))/17*3/8*-6. Let r(p) be the second derivative of b*p**2 - 1/20*p**5 - 1/2*p**4 + 0 - 1/2*p**3 - 22*p. Calculate r(-4).
-17
Let c(q) be the first derivative of q**4/4 + 7*q**3/3 + q**2 - 3*q + 314. What is c(-7)?
-17
Let b(l) = -7488 + 42*l + 3750 + 3751. Determine b(1).
55
Suppose 0 = 10*y - 7*y - 501. Let n = y - 174. Let h(p) = -p**3 - 7*p**2 - p - 9. Calculate h(n).
-2
Let m(v) be the third derivative of -9*v**2 + 0 + 1/3*v**3 - 1/12*v**4 + 0*v. Let d be (-5)/(6 - -9)*(-13 - 2). What is m(d)?
-8
Suppose 47*i + 1915 = 787. Let z(g) = -g**3 - 24*g**2 + 8. Give z(i).
8
Let w(p) = -1 + p**3 - 5*p + 1. Let a = 248381 - 248384. Determine w(a).
-12
Let t(u) = -12*u + 33. Let g be 63 + -59 + (-3 + 3)/(1*3). Calculate t(g).
-15
Let l(u) be the second derivative of 1 - 34*u + 1/12*u**4 - u**2 + 1/3*u**3. Determine l(1).
1
Let a(p) be the first derivative of 5*p**4/2 + 2*p**3/3 - p**2/2 + 64. Let o = -1049 - -1050. Give a(o).
11
Let b(t) be the second derivative of -t**3/6 - 3*t**2/2 - 668*t. Determine b(2).
-5
Let n(c) = -c**3 + 8*c**2 + 9*c - 2. Let g = -5867 - -5875. Give n(g).
70
Suppose 300 = -2*z + 17*z. Suppose -3*k + 1 = -z. Let u(h) = 3*h**2 + 7*h - 10. Let q(x) = -5*x**2 - 14*x + 19. Let o(i) = -4*q(i) - 7*u(i). Calculate o(k).
-6
Let a(q) = 21*q - 1. Let p be (6 - 16)*1/(-2). Suppose 0 = y - 5*v - 12, -y + 6*y - p*v = 20. Give a(y).
41
Let x(f) be the first derivative of f**2/2 - f + 183. Let z = 50 - 54. What is x(z)?
-5
Suppose 24*t - 14*t = 6*t. Let k(q) = -2 + t*q + 7 + 3*q - 7. Give k(6).
16
Let f(r) = 51*r + 318 - 98 + 12*r - 10*r + 59*r. Determine f(-2).
-4
Let c = -13 - -15. Suppose c*g = -2*p, -p + 3*p - 12 = 2*g. Let h(d) be the second derivative of -2*d**3/3 + 3*d**2/2 - d + 4. What is h(p)?
-9
Let x(l) = l**3 - 16*l**2 - 10*l - 6. Let r(c) = -2*c**3 + 17*c**2 + 22*c. Let z(w) = -2*r(w) - 3*x(w). Let m(v) = v - 15. Let j be m(0). Calculate z(j).
3
Let w = 49634 + -49634. Let b(p) = 2*p + p**2 - 2 - p**3 - 5*p + 2*p. What is b(w)?
-2
Let v(i) = -23*i**2 - 3*i + 12. Let k be v(3). Let o = -197 - k. Let r(m) = m**3 - 6*m**2 - 8*m + 1. Calculate r(o).
-6
Let u(w) = -w**3 - 3*w**2 + 5*w + 5. Suppose 16*d + 4*z + 80 = 0, -2*d + 5*d + 5*z + 15 = 0. What is u(d)?
30
Let f(k) be the second derivative of k**3/6 - 4*k**2 - 169*k - 125. Let l be (-2)/(-7) + 4/(-14). What is f(l)?
-8
Suppose 354 - 344 = -5*t. Let l(h) be the third derivative of h**6/60 + h**5/15 + h**4/12 + h**2. What is l(t)?
-4
Let y be 1*-1*(-35)/(-7). Let g(r) = 24*r + 50. Let m be g(-2). Let x(a) = 7*a - 99 + 191 - 95 - m*a. What is x(y)?
-28
Let t be (-12 + 2)*1*(-78)/15. Let x = t - 50. Let v(k) = -21 - x*k + 4*k + 21. Determine v(3).
6
Let h(r) = -17*r + 120. Let j = -7795 + 7802. Determine h(j).
1
Let w(u) be the second derivative of -u**5/20 + 5*u**4/6 - u**3 - u**2 + 53*u. Suppose -130*y = -134*y + 36. Calculate w(y).
25
Let k(a) be the first derivative of -a**3 - a**2/2 - a + 6138. Suppose -15 + 5 = -5*h. Suppose 2*j - 4*j = -5*v - 3, -h*j = 3*v + 5. Calculate k(v).
-3
Let d(v) = -v + 3. Suppose 0*b - 4 = -2*o - 2*b, 0 = -2*o + 3*b + 14. Suppose 0 = 4*i + 4*r - 8, -8 = -o*i + 6*i - 2*r. Determine d(i).
4
Let g(s) be the third derivative of -s**5/60 - 11*s**4/12 + 65*s**3/6 + 1787*s**2. Give g(-24).
17
Let z(m) = -m**3 + 18*m**2 - 33*m + 12. Let c be z(16). Let o be 0*(-4)/((-32)/c). Let k(u) = 1583*u**2 + o*u**3 - 1582*u**2 + u**3 + 2*u + 3. What is k(-3)?
-21
Let c = 1633 - 1637. Let j(u) = u**3 + 4*u**2 + u + 6. Determine j(c).
2
Let k be 3/((((-310)/(-80))/31)/(1/(-6))). Let z(y) = y. Let o(s) = -s**3 - 6*s**2 - 7*s + 4. Let f(l) = o(l) + 2*z(l). What is f(k)?
-8
Let c(l) = 4*l**2 - 12*l + 1. Suppose -100*j + 211 + 189 = 0. Determine c(j).
17
Let r(s) = 4*s**3 - 13*s - 12. Let n(y) = -y**2 - 63*y + 129. Let t be n(2). Calculate r(t).
-3
Suppose 2*i = 5*g + 32, -4*i = -2*g + 1 - 33. Suppose 5*t = 21 - i. Let c(r) = -r**3 + 3*r**2 - r - 3. Give c(t).
-6
Let z(k) = k**3 - 7*k**2 + 5*k - 1. Suppose 1 = 3*c + 3*i - 7*i, -5*c - 4*i = -55. Suppose w - 6 = -p, 0*p + 33 = 4*p + w. Suppose 12 = -c*j + p*j. Give z(j).
-7
Let y(c) be the second derivative of -37*c**3/3 + 3*c**2 - 2*c - 488. Calculate y(0).
6
Let q(r) = -5*r**2 - 3*r - 43. Let n(f) = f**2 - 2*f + 14. Let p(s) = 4*n(s) + q(s). What is p(-11)?
13
Let q be (10/(-3))/(6/(-9)). Let p(i) be the first derivative of i**3/3 - i**2/2 + i - 5. Let g(b) = -b**2 - 1. Let o(l) = q*g(l) + 6*p(l). Determine o(6).
1
Let b(z) be the first derivative of -z**5/120 + 2*z**4/3 + z**3/3 + 123*z - 25. Let n(c) be the third derivative of b(c). Determine n(5).
11
Let d(g) = 3*g**2 + g - 2. Let k = 189 - 135. Let h be k/(-13) + (-6)/(-39). Let c be 22/(-88) - -1*(-13)/h. What is d(c)?
28
Let c = 2940 + -2942. Let s(w) = -28*w - 8. Give s(c).
48
Let y(c) be the second derivative of 1 + 1/2*c**2 - 1/6*c**4 + c - 1/4*c**5 + 0*c**3. Determine y(1).
-6
Let v(a) be the second derivative of 1/12*a**4 + 40*a + 0 - a**3 + 5/2*a**2. Give v(6).
5
Suppose -21*g - 15 = -24*g. Let f(x) = -59*x**3 + 21*x**2 - 13*x - 4. Let y(v) = -17*v**3 + 7*v**2 - 4*v - 1. Let w(m) = 2*f(m) - 7*y(m). Give w(g).
-41
Let g(b) be the second derivative of -318*b + 0 - 2/3*b**4 - 7/6*b**3 - b**2 - 1/20*b**5. Determine g(-5).
-42
Let h(i) = 194*i - 98*i - 91*i - 1. Suppose -14*m = -15*m - 2. What is h(m)?
-11
Let t(g) = 63 + 1433*g - 710*g + 69 - 714*g. Determine t(-15).
-3
Let k(g) be the first derivative of -g**2/2 - 19*g - 1369. Give k(0).
-19
Let s(r) = -r**3 + 2*r**2 + 2. Let g(o) = -3*o + 1. Let h(q) = -5 - 11*q + 24*q + 3*q. Let l(a) = -11*g(a) - 2*h(a). Let f be l(4). Determine s(f).
-7
Let n(b) be the second derivative of -b**5/20 + 5*b**4/6 + 11*b**3/6 - 7*b**2 - 761*b + 1. Determine n(11).
-14
Suppose -x = 2*w - 1, -w + x = 4*x - 13. Let v(r) = 3*r + 3*r**3 + 62*r**2 - 21*r**2 - 27*r**2 - 13*r**2 + 3. Determine v(w).
-23
Let o(g) = -6*g - 66. Let t be o(-40). Let v = 188 - t. Let c(h) = h**3 - 15*h**2 + 14*h - 5. Determine c(v).
-5
Let v(q) be the third derivative of -q**7/840 - q**6/360 + q**5/120 + 7*q**3/6 - 8*q**2 + 3. Let m(c) be the first derivative of v(c). Determine m(1).
-1
Let m(q) = -297 - 33*q - 8*q + 21*q - 252 - 26*q. Determine m(-12).
3
Let k(y) = -2483*y - 13. Let f(d) = -32*d. Let l(r) = 78*f(r) - k(r). Determine l(2).
-13
Let x(i) be the first derivative of 19*i**2/2 - 5*i + 1668. Give x(1).
14
Let p(s) = -84*s**2 + 5*s + 2. Let k(a) = 37*a**